{"id":686,"date":"2018-10-23T21:53:28","date_gmt":"2018-10-23T21:53:28","guid":{"rendered":"http:\/\/s522822451.online.de\/?page_id=686"},"modified":"2026-04-06T13:07:09","modified_gmt":"2026-04-06T12:07:09","slug":"verein","status":"publish","type":"page","link":"https:\/\/tsv-opfenbach.de\/?page_id=686","title":{"rendered":"Verein"},"content":{"rendered":"\t\t<div data-elementor-type=\"wp-post\" data-elementor-id=\"686\" class=\"elementor elementor-686\">\n\t\t\t\t\t\t<section class=\"elementor-section elementor-top-section elementor-element elementor-element-49020810 elementor-section-boxed elementor-section-height-default elementor-section-height-default\" data-id=\"49020810\" data-element_type=\"section\" data-e-type=\"section\">\n\t\t\t\t\t\t<div class=\"elementor-container elementor-column-gap-default\">\n\t\t\t\t\t<div class=\"elementor-column elementor-col-100 elementor-top-column elementor-element elementor-element-30eb96a8\" data-id=\"30eb96a8\" data-element_type=\"column\" data-e-type=\"column\">\n\t\t\t<div class=\"elementor-widget-wrap elementor-element-populated\">\n\t\t\t\t\t\t<div class=\"elementor-element elementor-element-6d72aa44 elementor-widget elementor-widget-text-editor\" data-id=\"6d72aa44\" data-element_type=\"widget\" data-e-type=\"widget\" data-widget_type=\"text-editor.default\">\n\t\t\t\t\t\t\t\t\t<p>Der <b>Turn- und Sportverein Opfenbach 1909<\/b>\u00a0wurde im Jahre 1909 gegr\u00fcndet. Die Entwicklung des Gesamtvereins k\u00f6nnen Sie in der <a href=\"https:\/\/tsv-opfenbach.de\/wp-content\/uploads\/2018\/11\/Vereinschronik.pdf\" target=\"_blank\" rel=\"noopener\">Vereinschronik<\/a> nachlesen.<\/p><p>Beim TSV Opfenbach werden aktuell folgende Sportarten angeboten :<\/p><ul><li style=\"list-style-type: none;\"><ul><li><b>Fu\u00dfball<\/b><\/li><li><span style=\"font-weight: bold;\">Gymnastik<\/span><\/li><li><span style=\"font-weight: bold;\">Lauftreff<\/span><\/li><li><b>Leichtathletik<\/b><\/li><li><b>Radsport<\/b><\/li><li><b>Ski Alpin<\/b><\/li><li><b>Ski Nordisch<\/b><\/li><li><b>Tischtennis<\/b><\/li><li><b>Turnen\u00a0\u00a0 \u00a0<\/b><\/li><li><b style=\"font-size: 1rem;\">Volleyball<\/b><\/li><\/ul><\/li><\/ul><div>Der TSV wird gef\u00fchrt von:<\/div><div>\u00a0<\/div><div><a style=\"font-size: 1rem;\" href=\"mailto:vorstand@tsv-opfenbach.de\" target=\"_blank\" rel=\"noopener\">Peter Klauber,<\/a>\u00a01. Vorsitzender (0170 4886996)<\/div><div><span style=\"color: var( --e-global-color-text ); font-family: var( --e-global-typography-text-font-family ); font-size: 1rem;\">\u00a0<\/span><\/div><div><div><p>Manfred Reis, 2. Vorsitzender\u00a0<\/p><\/div><div><p>Rainer Farenski, Kassier und Mitgliederverwaltung (08385 921779)<br \/>mitgliederverwaltung@tsv-opfenbach.de\u00a0<\/p><\/div><div><span style=\"color: var( --e-global-color-text ); font-family: var( --e-global-typography-text-font-family ); font-size: 1rem;\">Natalya Hagspiel, Schriftf\u00fchrerin<\/span><\/div><div>Selina Trojan und Antony Kimmerle, Beisitzer<\/div><div><div>\u00a0<\/div><p>Luka Fricker, Jugendbeauftragter (0152 37270466)<br \/>Gerhard Sutter, Laura Messer, Chiara Herrmann, Fahnenabordnung<br \/>Anita Herrmann und Josef Rapp, Kassenpr\u00fcfer<\/p><p><a href=\"https:\/\/tsv-opfenbach.de\/?page_id=975\" target=\"_blank\" rel=\"noopener\">Hallen- und Platzbelegungsplan<\/a><\/p><\/div><p><a href=\"https:\/\/tsv-opfenbach.de\/wp-content\/uploads\/2018\/11\/Vereinschronik.pdf\" target=\"_blank\" rel=\"noopener\"><u>Vereinschronik<\/u><\/a><\/p><p><a href=\"https:\/\/tsv-opfenbach.de\/wp-content\/uploads\/2026\/04\/Beitrittserklaerung_SEPA_2026_04.pdf\" target=\"_blank\" rel=\"noopener\">Beitrittserkl\u00e4rung (Stand: April 2026<\/a><a href=\"https:\/\/tsv-opfenbach.de\/wp-content\/uploads\/2026\/04\/Beitrittserklaerung_SEPA_2026_04.pdf\" target=\"_blank\" rel=\"noopener\">)<\/a><\/p><p><a style=\"font-size: 1rem;\" href=\"https:\/\/tsv-opfenbach.de\/wp-content\/uploads\/2019\/11\/20190829-Satzung-aktuell.pdf\" target=\"_blank\" rel=\"noopener\">Vereinssatzung (Stand 29.08.2019)<\/a><\/p><p><a href=\"https:\/\/tsv-opfenbach.de\/wp-content\/uploads\/2019\/11\/20190829-Satzung-aktuell.pdf\" target=\"_blank\" rel=\"noopener\">\u00a0<\/a><\/p><\/div>\t\t\t\t\t\t\t\t<\/div>\n\t\t\t\t\t<\/div>\n\t\t<\/div>\n\t\t\t\t\t<\/div>\n\t\t<\/section>\n\t\t\t\t<section class=\"elementor-section elementor-top-section elementor-element elementor-element-291569a elementor-section-boxed elementor-section-height-default elementor-section-height-default\" data-id=\"291569a\" data-element_type=\"section\" data-e-type=\"section\">\n\t\t\t\t\t\t<div class=\"elementor-container elementor-column-gap-default\">\n\t\t\t\t\t<div class=\"elementor-column elementor-col-100 elementor-top-column elementor-element elementor-element-c5f4657\" data-id=\"c5f4657\" data-element_type=\"column\" data-e-type=\"column\">\n\t\t\t<div class=\"elementor-widget-wrap elementor-element-populated\">\n\t\t\t\t\t\t<div class=\"elementor-element elementor-element-fdc8006 elementor-widget elementor-widget-text-editor\" data-id=\"fdc8006\" data-element_type=\"widget\" data-e-type=\"widget\" data-widget_type=\"text-editor.default\">\n\t\t\t\t\t\t\t\t\t<p>Die Sportpl\u00e4tze und das Kultur- und Sportzentrum Opfenbach finden Sie an der:<\/p><p><a href=\"https:\/\/tsv-opfenbach.de\/?page_id=805\" target=\"_blank\" rel=\"noopener\">Bodenseestra\u00dfe 21, 88145 Opfenbach \u00a0<\/a><\/p>\t\t\t\t\t\t\t\t<\/div>\n\t\t\t\t\t<\/div>\n\t\t<\/div>\n\t\t\t\t\t<\/div>\n\t\t<\/section>\n\t\t\t\t<\/div>\n\t\t","protected":false},"excerpt":{"rendered":"<p>Der Turn- und Sportverein Opfenbach 1909\u00a0wurde im Jahre 1909 gegr\u00fcndet. Die Entwicklung des Gesamtvereins k\u00f6nnen Sie in der Vereinschronik nachlesen. Beim TSV Opfenbach werden aktuell folgende Sportarten angeboten : Fu\u00dfball Gymnastik Lauftreff Leichtathletik Radsport Ski Alpin Ski Nordisch Tischtennis Turnen\u00a0\u00a0 \u00a0 Volleyball Der TSV wird gef\u00fchrt von:\u00a0Peter Klauber,\u00a01. Vorsitzender (0170 4886996)\u00a0 Manfred Reis, 2. Vorsitzender\u00a0 &hellip; <\/p>\n<p class=\"link-more\"><a href=\"https:\/\/tsv-opfenbach.de\/?page_id=686\" class=\"more-link\"><span class=\"screen-reader-text\">\u201eVerein\u201c <\/span>weiterlesen<\/a><\/p>\n","protected":false},"author":1,"featured_media":0,"parent":0,"menu_order":0,"comment_status":"closed","ping_status":"closed","template":"","meta":{"ngg_post_thumbnail":0,"footnotes":""},"class_list":["post-686","page","type-page","status-publish","hentry"],"_links":{"self":[{"href":"https:\/\/tsv-opfenbach.de\/index.php?rest_route=\/wp\/v2\/pages\/686","targetHints":{"allow":["GET"]}}],"collection":[{"href":"https:\/\/tsv-opfenbach.de\/index.php?rest_route=\/wp\/v2\/pages"}],"about":[{"href":"https:\/\/tsv-opfenbach.de\/index.php?rest_route=\/wp\/v2\/types\/page"}],"author":[{"embeddable":true,"href":"https:\/\/tsv-opfenbach.de\/index.php?rest_route=\/wp\/v2\/users\/1"}],"replies":[{"embeddable":true,"href":"https:\/\/tsv-opfenbach.de\/index.php?rest_route=%2Fwp%2Fv2%2Fcomments&post=686"}],"version-history":[{"count":55,"href":"https:\/\/tsv-opfenbach.de\/index.php?rest_route=\/wp\/v2\/pages\/686\/revisions"}],"predecessor-version":[{"id":2936,"href":"https:\/\/tsv-opfenbach.de\/index.php?rest_route=\/wp\/v2\/pages\/686\/revisions\/2936"}],"wp:attachment":[{"href":"https:\/\/tsv-opfenbach.de\/index.php?rest_route=%2Fwp%2Fv2%2Fmedia&parent=686"}],"curies":[{"name":"wp","href":"https:\/\/api.w.org\/{rel}","templated":true}]}}